{"id":30,"date":"2019-12-27T15:01:17","date_gmt":"2019-12-27T15:01:17","guid":{"rendered":"http:\/\/forumined.ese.ipp.pt\/?page_id=30"},"modified":"2025-06-27T14:14:54","modified_gmt":"2025-06-27T13:14:54","slug":"comissoes","status":"publish","type":"page","link":"https:\/\/forumined.ese.ipp.pt\/?page_id=30","title":{"rendered":"Comiss\u00f5es"},"content":{"rendered":"\n<h2 class=\"wp-block-heading\">Comiss\u00e3o Organizadora<\/h2>\n\n\n\n<p>Ana Paula Amaral<\/p>\n\n\n\n<p>Linda Saraiva<\/p>\n\n\n\n<p>Luciana Gra\u00e7a<\/p>\n\n\n\n<p>Sara Aboim<\/p>\n\n\n\n<p>S\u00edlvia Alves<\/p>\n\n\n\n<p>Teresa Martins<\/p>\n\n\n\n<p>V\u00edtor Oliveira<\/p>\n\n\n\n<p><\/p>\n\n\n\n<h2 class=\"wp-block-heading\">Comiss\u00e3o Cient\u00edfica<\/h2>\n\n\n\n<p><em>Em atualiza\u00e7\u00e3o<\/em><\/p>\n\n\n\n<p>Ana Barbosa<\/p>\n\n\n\n<p>F\u00e1tima Lambert<\/p>\n\n\n\n<p>Manuela Sanches-Ferreira<\/p>\n\n\n\n<p>M\u00e1rio Cruz<\/p>\n\n\n\n<p>Miguel Santos<\/p>\n\n\n\n<p>Sara Ara\u00fajo<\/p>\n\n\n\n<p>S\u00edlvia Barros<\/p>\n","protected":false},"excerpt":{"rendered":"<p>Comiss\u00e3o Organizadora Ana Paula Amaral Linda Saraiva Luciana Gra\u00e7a Sara Aboim S\u00edlvia Alves Teresa Martins V\u00edtor Oliveira Comiss\u00e3o Cient\u00edfica Em atualiza\u00e7\u00e3o Ana Barbosa F\u00e1tima Lambert Manuela Sanches-Ferreira M\u00e1rio Cruz Miguel Santos Sara Ara\u00fajo S\u00edlvia Barros<\/p>\n","protected":false},"author":2,"featured_media":0,"parent":0,"menu_order":0,"comment_status":"closed","ping_status":"closed","template":"","meta":{"footnotes":""},"class_list":["post-30","page","type-page","status-publish","hentry"],"_links":{"self":[{"href":"https:\/\/forumined.ese.ipp.pt\/index.php?rest_route=\/wp\/v2\/pages\/30","targetHints":{"allow":["GET"]}}],"collection":[{"href":"https:\/\/forumined.ese.ipp.pt\/index.php?rest_route=\/wp\/v2\/pages"}],"about":[{"href":"https:\/\/forumined.ese.ipp.pt\/index.php?rest_route=\/wp\/v2\/types\/page"}],"author":[{"embeddable":true,"href":"https:\/\/forumined.ese.ipp.pt\/index.php?rest_route=\/wp\/v2\/users\/2"}],"replies":[{"embeddable":true,"href":"https:\/\/forumined.ese.ipp.pt\/index.php?rest_route=%2Fwp%2Fv2%2Fcomments&post=30"}],"version-history":[{"count":28,"href":"https:\/\/forumined.ese.ipp.pt\/index.php?rest_route=\/wp\/v2\/pages\/30\/revisions"}],"predecessor-version":[{"id":717,"href":"https:\/\/forumined.ese.ipp.pt\/index.php?rest_route=\/wp\/v2\/pages\/30\/revisions\/717"}],"wp:attachment":[{"href":"https:\/\/forumined.ese.ipp.pt\/index.php?rest_route=%2Fwp%2Fv2%2Fmedia&parent=30"}],"curies":[{"name":"wp","href":"https:\/\/api.w.org\/{rel}","templated":true}]}}